d) = d**3 + d + 1. Let y = 93 - 94. Calculate v(y).
-1
Let z be -9*1/(-6)*2. Suppose -z*a - t + 10 = 0, 2*a + 0*t - 8 = -t. Let k(q) = 2*q**2 - 3*q + 2. What is k(a)?
4
Let f(g) = g**3 - g - 2. Suppose b + v = -3 - 2, -4*v = 5*b + 30. Let n be b/(-3)*15/5. Suppose 3*x + 3*w - w = 10, 2*w - n = 5*x. Calculate f(x).
-2
Let p(h) = -7*h**2 - 4*h**2 - 6*h**2 + 2 - 5*h + 16*h**2. Calculate p(-3).
8
Let q(s) = 4*s - 2*s**3 + s + s**3 - 4*s**2 + 4. Let c = 18 - 12. Let l be -3 - -4 - 1*c. Calculate q(l).
4
Let s(g) be the second derivative of g**5/20 - g**4/4 - g**3/6 - g**2/2 - 27*g. Determine s(3).
-4
Let l(q) = -1. Let d(x) = -x - 2. Let v(y) = -d(y) - l(y). What is v(-3)?
0
Let g(v) = v**3 - v**2 + 3. Suppose -u + 4 = j, 3*j - 3*u - 22 = 2. Let a(n) = n**3 - 6*n**2 - n + 6. Let q be a(j). Give g(q).
3
Let u(i) = -5*i + 1. Let v(q) = q - 1. Let g(n) = -u(n) - 2*v(n). Suppose 0 = 3*d + 4*k + 13 - 4, 5 = -d - 2*k. Determine g(d).
4
Let t(c) = -963*c**2 + c**3 + 2 + 960*c**2 - 2*c**3. Determine t(-3).
2
Let n(x) = -x**3 + 2*x**2 - 6 + 3 + 2*x**2. Suppose -4*j = -9*j + 15. Give n(j).
6
Let j = 3 - 1. Let m(z) = z**3 + 15*z**2 - 13*z**2 - j + 3 - 4*z. Let x be (-22)/8 - (-2)/(-8). Calculate m(x).
4
Let b(u) be the third derivative of -u**6/120 - u**5/15 + u**3/2 + 8*u**2. Let h(k) = -4*k. Let o be h(1). What is b(o)?
3
Let n = -11 - -16. Let m(i) = -i - 1. Let s(u) = -u**2 + 9*u - 3. Let c(j) = -2*m(j) - s(j). Determine c(n).
-5
Let p(v) = -v**3 - 3*v**2 - 2*v + 2. Let l(d) = d**2 - 18*d + 30. Let t be l(16). Give p(t).
2
Let d(h) = -h - 2. Let r(c) = -2*c - 2. Let b(w) = -2*d(w) + 3*r(w). Suppose -2*y + 0 = 4. What is b(y)?
6
Let k be 11 + -12 + 2 + 1. Let r(z) = k - z**2 + 10 - 7 + 6*z. What is r(5)?
10
Let s(x) = 17*x - 1. Let u(o) = -6*o. Let a(v) = -4*s(v) - 11*u(v). Determine a(-5).
14
Let i(x) = 11*x**2 + x. Let m be ((-3)/2 + 2)*-4. Let z be (m + (-1 - -2))/1. Calculate i(z).
10
Let m(y) = 4*y + 2. Let f(k) = 5*k + 7. Let o(t) = 10*t + 13. Let v(c) = 7*f(c) - 4*o(c). Let b(n) = 3*m(n) + 2*v(n). Let a be (-1)/(2 - (-15)/(-6)). Give b(a).
4
Let k(j) = j**2 + 8*j + 4. Let o(l) = l**2 + 7*l + 3. Let b(y) = 4*k(y) - 5*o(y). Suppose -s - 4 = -16. Suppose -2*f - s = f. Calculate b(f).
-3
Let x = 0 + 3. Suppose -5*d - 2*a + 5*a + 24 = 0, -d = a. Let u(g) = 0*g + g**x - 5*g**2 + 6*g - d - 2*g. Calculate u(4).
-3
Let h(f) be the third derivative of -f**6/120 - f**5/20 + 5*f**4/24 + f**3 + 3*f**2. Calculate h(-4).
2
Suppose -15*v + 40 = -5*v. Let i(u) = -3 + 2*u**2 + u + 2*u - 3*u**2. Give i(v).
-7
Let h(u) = -3*u - 2. Suppose -15 = 3*n, 0*t + 5*t + 5 = n. Calculate h(t).
4
Suppose 4*w = -16, 6 = -d - 5*w - 11. Let b(r) = -2*r**2 + 2*r + 2. Give b(d).
-10
Let m = 2 + -4. Let q(g) = g**3 + g**2 + 1. Let n be q(-1). Let d(x) = -3*x**2 - n + 2 + 0 - 2*x - x**3. What is d(m)?
1
Let i(q) be the second derivative of q**7/840 - q**6/720 + q**5/120 - q**4/4 - 3*q. Let h(v) be the third derivative of i(v). Calculate h(1).
3
Let i(g) = g**3 - 7*g**2 + 1. Let s(p) = -p + 11. Let v be s(4). Determine i(v).
1
Let a(r) = 7. Let m(s) = -s + 1. Let b(w) = -a(w) - m(w). Determine b(3).
-5
Let i(d) = 3*d - 3. Let o(r) = -r + 1. Let c(b) = i(b) + 4*o(b). Give c(-5).
6
Let i = 1 + 4. Let u(g) = 0*g**3 + 0*g + 2*g**2 - 4 - i*g**2 + 2*g + g**3. What is u(3)?
2
Let q(w) = -10*w**2 - w - 3. Let f(j) = j**2 + 1. Let z(x) = -2*f(x) - q(x). Let r be 3/(-6)*(-1 - -3). Determine z(r).
8
Let g(h) = 5*h**2 - h + 1. Let n be (8/24)/((-2)/(-6)). Determine g(n).
5
Let t(z) be the third derivative of -7*z**5/30 + z**4/24 + 16*z**2. Determine t(-1).
-15
Let u(c) = c**3 + 5*c - c + 1 - 5*c. Calculate u(-2).
-5
Let c(w) be the second derivative of -w**3/6 - 3*w**2 - w. Determine c(-6).
0
Let b(f) = f**3 - f. Let g(j) = j**2 + 6*j - 1. Let z be g(-5). Let u(w) = 3*w + 9. Let o be u(z). Let p be o/(-6)*2/(-3). Determine b(p).
0
Let r(b) = -b + 12. Let o = 32 + -25. Give r(o).
5
Let w(x) = -x**3 + 5*x**2 - 2*x. Let f(b) = 0 + 2 + 3*b**2 - 3. Let d be f(1). What is w(d)?
8
Let r(v) = v**3 + v**2 + v + 1. Let n(p) = p + 1. Let k be n(-4). Let c be 4 + 1/(2 + k). Let j be -4 - c*(-2)/3. Determine r(j).
-5
Let g(t) = -2*t**3 + 21 + 3*t**3 + t - 2*t**2 - 23. Let w = 4 + -2. Calculate g(w).
0
Let c(f) be the first derivative of -f**4/12 + 5*f**3/6 - f**2/2 - 2*f - 3. Let z(i) be the first derivative of c(i). Calculate z(4).
3
Let k(r) = -4*r - 1. Let p be k(-1). Let x(c) = 6 + c - 4*c**2 + c + 4*c - c**p. Suppose 4*y - 3 = -23. What is x(y)?
1
Let q(z) = z**2 - 2*z - 1. Let r be q(4). Let j(l) = -l**2 + 7*l + 1. Let h be j(r). Let o(y) = y**2 - 3*y + 1. What is o(h)?
-1
Let r(d) = -5*d**3 - d**2 - 2*d - 3. Let v(p) = 15*p**3 + 3*p**2 + 6*p + 10. Let s(h) = -7*r(h) - 2*v(h). Let a be 4 + (12/21 - 312/56). Give s(a).
-5
Let a(g) = g**2 + g. Let b(z) = -3*z**2 - 5*z - 4. Let j(v) = -4*a(v) - b(v). Determine j(-4).
-16
Let y be (-6 + 1)*6/15. Let l(k) = -3*k**2 + 2*k. Calculate l(y).
-16
Let j be (-23)/(-4) - 1/(-4). Let x(w) = 1 + 1 + j - w. Let y be ((-100)/10)/(8 - 10). What is x(y)?
3
Let k = 27 - 16. Let h(f) = 8 + 1 - k + f. What is h(2)?
0
Let p(x) = -x**2 + 4*x - 7. Let i(w) = -1. Let v(f) = -6*i(f) + p(f). Determine v(3).
2
Let v(m) = m + 11 + 10 - 20 + 7. Let t(d) = 6*d + 1. Let u be t(-1). Give v(u).
3
Let u(x) = -21 + x + 19 + 0*x. Suppose 5*o = -5*s + 50, -3*o - 5 = 2*s - 6*s. Give u(s).
3
Let o be (-4)/16 - 46/8. Let m(f) = -f**2 - 6*f - 4. Determine m(o).
-4
Let d(b) = 3*b**2 + 2. Let l = 1 - 3. What is d(l)?
14
Suppose -2*l - 4*p + 12 = 0, -5*l - p - 11 = -8*l. Let x(v) = -v - 5. Determine x(l).
-9
Let q(d) = d - 9. Let j(m) = -3*m + 19. Let g(l) = 6*j(l) + 13*q(l). Calculate g(-3).
12
Let j(v) = -v**2 - 9*v - 10. Suppose 3*t - 2*t = -7. Let n be j(t). Let u(x) = 2*x + 5 - n + 4 - 2. What is u(-2)?
-1
Let f(u) = -8*u + 2. Let i(r) = 9*r - 1. Let d(h) = -3*f(h) - 2*i(h). Calculate d(3).
14
Suppose 0*g - 2*g - 3*d = 12, 3*d = 3*g + 18. Let w = g - -9. Let v(x) = -4*x - 1. Let m(l) = -5*l - 1. Let c(u) = -3*m(u) + 4*v(u). Calculate c(w).
-4
Suppose 4*p - 14 = -2*k, -4*p + 19 = -4*k - 1. Let g = k + 4. Let m(a) = g - 2*a + a + 2*a. Give m(-5).
-2
Let l(r) = -14*r - 4 + 6*r + 7*r. Calculate l(-5).
1
Suppose f + 12 = 2*o - 1, 4*o - 35 = 5*f. Let g(h) = -2*h + 2. Let r be g(0). Let q(p) = -17 + 7 + p**3 + 4*p + 9 + 4*p**r. What is q(f)?
-4
Let t(j) be the first derivative of -j**4/4 - j**3 - j**2 - j - 1. Calculate t(-3).
5
Suppose -x - 3 = 0, a - 2*x - 8 = x. Let f be (-24)/(-9) - a/3. Let k(n) = n**2 - 5*n + 3. What is k(f)?
-3
Let c = -6 + 3. Let n(w) = -w + 10 + 0 - 11. Calculate n(c).
2
Let f(v) = v**2 + 7*v + 4. Let z(d) = -d**2 - 7*d - 4. Let n(h) = 6*f(h) + 5*z(h). Calculate n(-5).
-6
Let o(m) = 3*m**2 - 14*m - 21. Let t(y) = 2*y**2 - 9*y - 14. Let q(p) = -5*o(p) + 8*t(p). Give q(5).
8
Let k(g) = -4*g**2 + 1. Let r(t) = t**2 + 6*t - 3. Let v be r(-6). Let o(z) = 3*z**2 - 1. Let n(m) = v*o(m) - 2*k(m). Determine n(-1).
0
Let g = -11 - -15. Suppose -3 = -g*k + 1. Let y = -1 + k. Let u(t) = -t + 8. Give u(y).
8
Let c(o) = 2*o + 4. Let h be c(-4). Let k(q) = -2*q + 1. Calculate k(h).
9
Let y(b) be the first derivative of b**4/4 + b**3/3 - b**2/2 - 2*b - 2. Let v = -10 + 8. Calculate y(v).
-4
Suppose 7 = d + o + 3, 0 = -4*d - o + 10. Let f(p) = 4*p - 1. What is f(d)?
7
Suppose -2*l + 1 + 3 = 3*v, 20 = 4*v - l. Let z(d) = -d**3 + 6*d**2 - 5*d - 4. Calculate z(v).
8
Suppose -4*d + 8 = -12. Let m(r) = r**2 + 6*r + 3. Let k be m(-6). Let c(n) = 3*n**k - 5*n**2 + 3 + 2 - 2*n**3. Determine c(d).
5
Suppose 0*u - u + 5 = 0. Let c(m) = -m**3 + 5*m**2 + 2*m - 5. Determine c(u).
5
Let z(c) be the second derivative of c**3/6 + c**2/2 - 12*c. Determine z(6).
7
Let j = -135 + 148. Let m(c) = c**3 - 14*c**2 + 13*c. Determine m(j).
0
Suppose 5*i - 12 = 18. Let y(b) = 16*b**3 - 35*b**2 + 30*b + 4. Let j(v) = -3*v**3 + 7*v**2 - 6*v - 1. Let n(f) = -11*j(f) - 2*y(f). Calculate n(i).
3
Let m(t) = 3*t**2 + 3*t + 4. Let o(n) = 8*n**2 + 8*n + 11. Let k(b) = -11*m(b) + 4*o(b). What is k(0)?
0
Let j(s) be the first derivative of 1/2*s**2 + 1/3*s**3 - s + 1. Give j(-2).
1
Let x(i) = -i**2 + 5*i + 3. Let l(b) = -b + 23. Let p be l(19). What is x(p)?
7
Let o be (2/3)/((-2)/(-33)). Suppose -o = -5*d + 2*c, -d + 5*c - 